 - 300. What is the remainder when 169 is divided by y?
63
Let i(m) = -m + 1. Let s(g) = -g**3 - g**2 + 8*g - 10. Let h(t) = 2*i(t) + s(t). Calculate the remainder when 45 is divided by h(-4).
13
Suppose 4048 = -10*k - 662. Let b = k + 642. Calculate the remainder when b is divided by 16.
11
Let z = -51 - -45. Let r be (-10)/z + (-2)/(-6). Suppose 5*p - 694 = -g, -r*g = p - 4*g - 141. What is the remainder when p is divided by 47?
45
Suppose -u - 99 = -4*r, 10*u - 13*u - 105 = -4*r. What is the remainder when 716 is divided by r?
20
Suppose -5 = 9*t - 113. Calculate the remainder when 485 is divided by t.
5
Let z = -7316 + 7396. What is the remainder when 541 is divided by z?
61
Let n be (-480)/(-256) - (-2)/16. Let u be 50/15*6/5. Suppose 7*z = n*z - o + 120, -2*z = -u*o - 26. What is the remainder when 89 is divided by z?
20
Suppose -4*i + 400 = -0*i. Suppose -h - b + i = 2*b, -h + 88 = -b. Let p = -45 + h. What is the remainder when p is divided by 6?
4
Suppose -3*i + 4*b + 324 = 0, -19*b = i - 18*b - 115. What is the remainder when i is divided by 50?
12
Suppose 4*r - 1277 = 93 + 34. What is the remainder when r is divided by 220/(-6)*12/(-10)?
43
Suppose -23*l = -10*l - 1352. Let g = -1 + l. Calculate the remainder when g is divided by 35.
33
Let r = -2412 + 2563. Suppose 0 = t + 2*y - 0*y - 43, -5*y - 170 = -5*t. What is the remainder when r is divided by t?
3
Suppose 0*h - 5*h = -370. Suppose 5*z - 5*y - 140 = 0, -64*z - 2*y - 37 = -65*z. What is the remainder when h is divided by z?
17
Let t be (-6)/9*3 + (-12)/(-2). Suppose t - 5 = f. Calculate the remainder when 104 is divided by ((630/(-12))/(-5))/(f/(-2)).
20
Let x be (-58)/(-87)*(-6)/4. Calculate the remainder when 81/54*x*(-94)/3 is divided by 12 + (-1)/(3/6).
7
Suppose -1825 - 1519 = -152*f. Calculate the remainder when 2962 is divided by f.
14
Let o = -38 - -72. Suppose 12*w - 310 = 7*w. Suppose w = -33*t + o*t. What is the remainder when 245 is divided by t?
59
Suppose 0 = 3*p - 2*p - 2*u - 17, 3*p - 3*u = 54. Calculate the remainder when 166 is divided by p/(-6 - (-57)/9).
52
Suppose -3*x = -2*t - 127, 5*t - 106 = -3*x + 49. Calculate the remainder when 211 is divided by x.
31
Let g(n) = -48*n + 34. Let t be g(-4). Let y = t + -178. Calculate the remainder when y is divided by 18.
12
Let t = -161 + 212. Let d = -11 + t. What is the remainder when d is divided by 13?
1
Let m(i) = 222*i - 8849. Calculate the remainder when 3077 is divided by m(40).
8
What is the remainder when 1700 is divided by (70/350*(-2 + 3))/((-1)/(-20))?
0
Let m = 39 + 8. Let j = m + -38. Calculate the remainder when 11 is divided by j.
2
Suppose -3*r = 3*q + q - 1640, 5*r = -3*q + 1241. Let z = q + -397. Calculate the remainder when 59 is divided by z.
9
Suppose 3*l - 1706 = -v, 39*l - 2*v + 2274 = 43*l. Calculate the remainder when l is divided by 93.
11
Let w(c) = 9*c - 163. Let d = 221 - 201. Calculate the remainder when 525 is divided by w(d).
15
Suppose 22 = 8*c - 10. Suppose 0 = -3*g + 12 - 0. Suppose 18 = g*j + 2. Calculate the remainder when j is divided by c.
0
Let o(p) = 15*p - 33. Let u be o(6). Suppose u*g + 798 = 60*g. Calculate the remainder when g is divided by 54.
50
Suppose 3*w + 146*d - 15 = 149*d, 8 = 4*w + 2*d. Calculate the remainder when 529 is divided by w.
1
Let i(z) = z**3 - 16*z**2 + z - 34. Let w be i(16). Let d(s) = s**2 - s - 269. What is the remainder when 149 is divided by d(w)?
3
Let c be 27/(-45) - 113/(-5). Suppose -3*w + 5*a + 20 - c = 0, 4*w = -5*a + 44. What is the remainder when 21 is divided by w?
3
Let o(b) = -b**3 + 66*b**2 - 66*b + 145. What is the remainder when 436 is divided by o(65)?
36
Let i = 0 + 4. Let z be (-10)/i + (-3)/2. Let p(a) = -18*a + 1. What is the remainder when p(z) is divided by 19?
16
Suppose -11*d + 269 = -1964. Calculate the remainder when d is divided by 84.
35
Suppose -28*y = -27*y - 1, -2*n + 4*y = -94. What is the remainder when 1224 is divided by n?
48
Suppose p + s - 205 = 603, -5*s + 1631 = 2*p. What is the remainder when p is divided by 777?
26
Let t be 606/8 + 1 - 6/8. Suppose -2*z = 2*i - t, -5*z - 2 = -4*z. Suppose 460 + 335 = 5*b. Calculate the remainder when b is divided by i.
39
Let z(y) = 18*y + 3376. What is the remainder when z(8) is divided by 47?
42
Suppose 5*m - 5773 = -s, 5*s = -161*m + 164*m + 28893. What is the remainder when s is divided by 20?
18
Let i be (-2)/9 - 9333/(-81). Suppose -69*q = -68*q - i. Calculate the remainder when q is divided by 20.
15
Let t(u) = -3*u**3 - 222*u**2 - 2*u - 135. Calculate the remainder when 1878 is divided by t(-74).
6
Suppose 0 = 16*i - 21*i + 50. Let x(w) = 3*w - 20. What is the remainder when x(i) is divided by -3 - -6 - 4/(-8)*2?
2
Suppose 6*b - 40 = 2*b. Let c be (-178)/(-6)*(13 - b). Suppose -3*k + 73 + c = 0. What is the remainder when k is divided by 19?
16
Suppose -4*u + 596 = -4*d, 4*u - d - 604 = d. Let t(s) = 73*s + 486. What is the remainder when u is divided by t(-6)?
9
Let j(t) = 21*t - 183. Suppose 10*b - 5*b = 0. Calculate the remainder when j(9) is divided by b + -1 - (4 - 7).
0
Let p(y) = y + 47. Let n be (15616/(-48))/(6/(-9)). Suppose -29 = 27*g - n. What is the remainder when p(0) is divided by g?
13
Suppose -282*v - 765 = -148*v - 139*v. Calculate the remainder when 567 is divided by v.
108
Suppose 130 = 3*n - 5*p, -2*n = -3*p + 5*p - 76. Suppose 920*s - 91 = 915*s + 2*k, 0 = s + 5*k + 25. What is the remainder when n is divided by s?
10
Let s = 256 + -166. Calculate the remainder when ((-54)/s)/((-2)/790) is divided by 20.
17
Calculate the remainder when -125*2/8*(-12 - -8) is divided by 322/5 - 6/15.
61
Let b(m) = 2*m**2 + 65*m - 104. Let h be b(-40). Suppose 0 = -14*k - 90 + h. What is the remainder when k is divided by 26?
3
Suppose 3*t = 3 + 3. Let g be 1 + -3 + 113 + t. Let l = g - 75. What is the remainder when l is divided by 10?
8
What is the remainder when (4 - 9/(54/33630))/(-3) is divided by 26?
21
Suppose -18*q + 15*q - 12 = 0, 0 = 3*l - q - 40. Suppose -l*p + 57 = -3. Calculate the remainder when 6*(-3 + -1)/(-2) is divided by p.
2
Suppose 13*c - 8*c - 5*u = 2445, 4*c - u = 1959. What is the remainder when c is divided by 489?
1
Let o(z) be the first derivative of z**3 + 2*z**2 + 5*z - 4. Let y be o(-6). Let v = 121 - y. Calculate the remainder when 61 is divided by v.
29
Suppose 4*n - 1242 = q, n = 57*q - 58*q + 318. What is the remainder when n is divided by 102?
6
Let z(j) = 66*j**2 - 88*j + 86. What is the remainder when 1018 is divided by z(1)?
58
Let n(y) = y**2 + 3*y - 128. Let s be n(-13). Suppose s*m + p - 9 = 0, -4*m + 2 + 19 = p. Calculate the remainder when 35 is divided by m.
5
Suppose -16*v + 0*v + 160 = 0. What is the remainder when (-114)/(-4) - v/4 is divided by 10 - (3/1 - 0)?
5
Let t(s) = -s**3 + 117*s**2 + 1288*s - 243. What is the remainder when t(127) is divided by 146?
145
Let z(k) = k**2 - k - 30. Let i be z(-5). Suppose 5*p + 5*a - a = 309, i = 4*p + 3*a - 248. Calculate the remainder when p is divided by 17.
14
Let q(k) = -k**2 + 2*k + 7. Let m be q(6). Let h(b) = -b - 25. Let u be h(m). Let p = u - -51. What is the remainder when 84 is divided by p?
41
Let u(a) = -a**3 - 31*a**2 - 57*a + 48. Calculate the remainder when 560 is divided by u(-29).
9
Let h = -30869 + 31349. What is the remainder when 1730 is divided by h?
290
Suppose 5*s - w - 6659 = 0, 3*w - 3 = -0*w. What is the remainder when 68 is divided by (-4)/(-6)*s/24?
31
Suppose 21*d - 39672 = -8*d - 7*d. Calculate the remainder when d is divided by 30.
22
Let o(v) = -112*v + 4. Let d be o(1). Let q = -97 - d. What is the remainder when 4/(-14) - 1119/(-21) is divided by q?
9
Suppose u + 2*r = 81, 16*r = 11*r. Let h = u - 62. Calculate the remainder when h is divided by 4.
3
Let f(i) = i**2 - 10*i + 2. Let h(x) = -5*x**2 + 40*x - 10. Let d(a) = -9*f(a) - 2*h(a). Calculate the remainder when d(-12) is divided by 14.
12
Let o = 176 - 195. Calculate the remainder when (((-6156)/(-24))/o)/(1/(-14)) is divided by 10.
9
Suppose 7*k - 39 - 206 = 0. Suppose -2*u - 5*h - 12 = u, -u = 5*h + 14. What is the remainder when (-42)/(-30) - 14/k is divided by u?
0
Let w = 1243 - 1284. Let n(u) = 5*u**2 + u. Let r be n(4). Let y = r + w. Calculate the remainder when y is div